1
Convert -a6 (base 15) to base 7.
-312
11 (base 15) to base 14
12
-2 (base 4) to base 10
-2
What is 307 (base 11) in base 12?
26a
What is 2 (base 14) in base 10?
2
Convert 2 (base 15) to base 14.
2
What is -12 (base 14) in base 3?
-121
What is 1122 (base 3) in base 8?
54
1 (base 8) to base 13
1
What is 11101 (base 2) in base 7?
41
-3 (base 15) to base 13
-3
What is 100 (base 15) in base 6?
1013
Convert -11 (base 6) to base 9.
-7
Convert -5 (base 8) to base 9.
-5
What is -70 (base 8) in base 15?
-3b
-25 (base 7) to base 12
-17
What is -8 (base 11) in base 13?
-8
Convert -4 (base 10) to base 11.
-4
What is -6 (base 7) in base 15?
-6
Convert -5 (base 6) to base 12.
-5
Convert -10010101 (base 2) to base 6.
-405
What is 10 (base 3) in base 7?
3
10110 (base 2) to base 10
22
Convert -57 (base 8) to base 14.
-35
Convert 7 (base 13) to base 11.
7
What is 101000 (base 2) in base 9?
44
Convert 1b (base 12) to base 3.
212
-13 (base 9) to base 3
-110
What is -22 (base 10) in base 5?
-42
4 (base 10) to base 5
4
What is 2 (base 3) in base 11?
2
b (base 12) to base 3
102
What is -45 (base 8) in base 12?
-31
What is -13 (base 5) in base 6?
-12
2 (base 15) to base 14
2
2 (base 4) to base 12
2
What is -2 (base 15) in base 14?
-2
Convert 29 (base 12) to base 3.
1020
3 (base 13) to base 6
3
What is -10010110 (base 2) in base 3?
-12120
What is -29 (base 14) in base 9?
-41
What is 100 (base 2) in base 13?
4
156 (base 8) to base 7
215
What is 5a (base 11) in base 4?
1001
-18 (base 9) to base 14
-13
Convert 55 (base 11) to base 15.
40
-151 (base 7) to base 12
-71
Convert 30 (base 9) to base 16.
1b
What is 5 (base 13) in base 6?
5
Convert -1 (base 13) to base 15.
-1
Convert -10011000 (base 2) to base 5.
-1102
-186 (base 15) to base 4
-11133
What is 1 (base 13) in base 6?
1
Convert 211 (base 10) to base 12.
157
24 (base 7) to base 4
102
1a (base 12) to base 3
211
-37 (base 12) to base 16
-2b
Convert -68 (base 10) to base 2.
-1000100
Convert -6 (base 14) to base 4.
-12
-1 (base 13) to base 4
-1
Convert -6 (base 12) to base 8.
-6
-31 (base 11) to base 16
-22
Convert -3 (base 9) to base 14.
-3
Convert -1 (base 3) to base 10.
-1
What is -61 (base 8) in base 2?
-110001
What is 144 (base 8) in base 2?
1100100
-1111 (base 2) to base 4
-33
23 (base 11) to base 2
11001
Convert -2 (base 15) to base 16.
-2
-25 (base 8) to base 9
-23
Convert -a9 (base 11) to base 12.
-9b
What is 2 (base 14) in base 3?
2
Convert 2020 (base 4) to base 5.
1021
What is -26a (base 11) in base 8?
-476
Convert 4 (base 13) to base 11.
4
Convert -8 (base 12) to base 5.
-13
What is -26 (base 10) in base 16?
-1a
What is -23 (base 10) in base 6?
-35
3 (base 11) to base 13
3
-1100100 (base 2) to base 15
-6a
Convert 8a (base 11) to base 14.
70
What is -162 (base 16) in base 13?
-213
What is 2a (base 12) in base 5?
114
12 (base 10) to base 7
15
-30 (base 11) to base 3
-1020
Convert 100010010 (base 2) to base 8.
422
-97 (base 13) to base 9
-147
-2 (base 5) to base 14
-2
-11111000 (base 2) to base 14
-13a
Convert -6 (base 9) to base 12.
-6
-4 (base 8) to base 15
-4
41 (base 8) to base 7
45
What is 1 (base 4) in base 14?
1
What is -37 (base 8) in base 11?
-29
0 (base 10) to base 12
0
What is 0 (base 14) in base 9?
0
What is -3 (base 15) in base 5?
-3
Convert 14 (base 10) to base 12.
12
65 (base 11) to base 10
71
-23 (base 12) to base 8
-33
2 (base 7) to base 14
2
What is -6 (base 8) in base 9?
-6
What is -3 (base 14) in base 3?
-10
22 (base 4) to base 5
20
-2 (base 13) to base 16
-2
-5 (base 11) to base 13
-5
Convert 84 (base 9) to base 13.
5b
What is 403 (base 5) in base 9?
124
What is 3 (base 15) in base 11?
3
Convert 6 (base 15) to base 9.
6
2 (base 4) to base 10
2
Convert -1100101 (base 2) to base 3.
-10202
What is -14 (base 7) in base 9?
-12
What is 0 (base 9) in base 15?
0
Convert -115 (base 14) to base 3.
-21222
What is -2 (base 6) in base 9?
-2
What is 20 (base 3) in base 10?
6
What is -3 (base 4) in base 8?
-3
Convert -4 (base 10) to base 3.
-11
Convert 1 (base 4) to base 10.
1
What is -94 (base 12) in base 3?
-11011
10 (base 5) to base 16
5
Convert -20 (base 8) to base 9.
-17
10 (base 3) to base 8
3
-74 (base 8) to base 5
-220
1 (base 11) to base 9
1
What is 8 (base 13) in base 11?
8
4 (base 11) to base 8
4
-6 (base 10) to base 9
-6
Convert 3c (base 15) to base 5.
212
Convert -10 (base 9) to base 12.
-9
Convert 0 (base 9) to base 15.
0
Convert 7 (base 11) to base 15.
7
5 (base 10) to base 13
5
What is 26 (base 8) in base 14?
18
Convert 11 (base 10) to base 5.
21
57 (base 9) to base 13
40
Convert -d (base 14) to base 8.
-15
-7 (base 11) to base 13
-7
Convert 12 (base 5) to base 10.
7
Convert 5 (base 9) to base 16.
5
-19 (base 15) to base 9
-26
Convert 21 (base 6) to base 11.
12
Convert 209 (base 14) to base 15.
1bb
Convert e2 (base 15) to base 2.
11010100
What is -1 (base 11) in base 12?
-1
What is -160 (base 8) in base 16?
-70
4 (base 11) to base 16
4
What is 9 (base 12) in base 5?
14
Convert 13 (base 6) to base 16.
9
Convert 521 (base 7) to base 15.
125
Convert -5 (base 16) to base 14.
-5
23 (base 12) to base 8
33
What is 20 (base 15) in base 13?
24
What is -1 (base 13) in base 16?
-1
Convert -1111 (base 4) to base 7.
-151
-434 (base 6) to base 15
-b1
-111 (base 2) to base 13
-7
-15 (base 7) to base 15
-c
What is -111 (base 4) in base 7?
-30
What is -110011 (base 2) in base 6?
-123
What is -163 (base 12) in base 16?
-db
What is 25 (base 9) in base 4?
113
Convert -2 (base 15) to base 2.
-10
Convert -2 (base 7) to base 13.
-2
What is 36 (base 10) in base 16?
24
23 (base 4) to base 14
b
What is -10 (base 3) in base 5?
-3
What is 20001 (base 3) in base 6?
431
What is 1 (base 8) in base 15?
1
What is 4 (base 16) in base 14?
4
-3 (base 8) to base 13
-3
What is -5a (base 12) in base 13?
-55
121 (base 4) to base 3
221
What is 124 (base 11) in base 16?
93
Convert -142 (base 8) to base 11.
-8a
Convert 4 (base 7) to base 12.
4
What is -1 (base 16) in base 3?
-1
Convert d (base 15) to base 14.
d
What is -1 (base 5) in base 12?
-1
What is -120 (base 5) in base 16?
-23
Convert -13 (base 9) to base 11.
-11
What is -43 (base 7) in base 10?
-31
-3 (base 10) to base 11
-3
Convert 0 (base 10) to base 8.
0
Convert 324 (base 7) to base 9.
203
Convert 2 (base 7) to base 5.
2
-a (base 11) to base 10
-10
What is 0 (base 10) in base 14?
0
Convert 15 (base 14) to base 8.
23
-2 (base 9) to base 11
-2
Convert -110 (base 16) to base 11.
-228
-103 (base 8) to base 3
-2111
What is -5 (base 9) in base 5?
-10
-15 (base 12) to base 16
-11
12 (base 6) to base 14
8
What is -3 (base 13) in base 9?
-3
Convert 112 (base 3) to base 10.
14
Convert 12101 (base 3) to base 4.
2101
Convert 0 (base 2) to base 5.
0
Convert -3 (base 12) to base 4.
-3
Convert -1b (base 14) to base 9.
-27
-15 (base 15) to base 8
-24
11 (base 16) to base 10
17
Convert 2210 (base 4) to base 2.
10100100
What is 24 (base 7) in base 16?
12
Convert 2 (base 14) to base 6.
2
What is 43 (base 9) in base 4?
213
What is 6 (base 10) in base 4?
12
-7 (base 16) to base 15
-7
1 (base 5) to base 6
1
311 (base 6) to base 5
430
What is -403 (base 7) in base 8?
-307
What is -27 (base 10) in base 6?
-43
21 (base 15) to base 2
11111
Convert 1 (base 9) to base 4.
1
-9a (base 15) to base 2
-10010001
21 (base 5) to base 16
b
-20 (base 4) to base 5
-13
Convert 2 (base 10) to base 2.
10
c7 (base 15) to base 3
20221
What is -e7 (base 16) in base 11?
-1a0
Convert -2001 (base 3) to base 15.
-3a
What is -2d (base 16) in base 2?
-101101
What is -1011 (base 5) in base 10?
-131
What is 5 (base 15) in base 3?
12
41 (base 5) to base 6
33
What is -22 (base 5) in base 14?
-c
-25 (base 9) to base 5
-43
What is 25 (base 16) in base 9?
41
Convert 22 (base 4) to base 10.
10
What is 2 (base 12) in base 5?
2
10 (base 2) to base 9
2
What is 0 (base 6) in base 16?
0
What is 2 (base 15) in base 3?
2
-2333 (base 4) to base 7
-362
-1 (base 10) to base 15
-1
Convert 2 (base 13) to base 14.
2
232 (base 4) to base 11
42
What is -2 (base 4) in base 5?
-2
-1011 (base 2) to base 13
-b
What is -30 (base 6) in base 13?
-15
What is b (base 13) in base 8?
13
What is 0 (base 11) in base 15?
0
-1100 (base 2) to base 7
-15
28 (base 11) to base 7
42
Convert 6 (base 9) to base 5.
11
What is 201 (base 4) in base 7?
45
Convert -